 17 = -j*d. What is the units digit of d?
2
Let t(j) = 2*j**2 - j + 247. What is the units digit of t(0)?
7
Let g = -7 - -7. Suppose -4*w + 14 + 6 = g. What is the units digit of w?
5
Let z(b) be the second derivative of 5*b**4/4 + b**3/3 + b**2/2 + 3*b. What is the units digit of z(-1)?
4
Let m = -4 - -7. Let h = m - -4. What is the units digit of h?
7
Let i(u) = u**3 + 10*u**2 + 4*u + 8. What is the units digit of i(-7)?
7
What is the tens digit of ((-10)/8 + 4/16)*-50?
5
Suppose -80 = -4*i - 4*j - j, 4*i - 48 = 3*j. Suppose i = 5*s, 5*a - 3*s - 56 = -0*s. What is the units digit of a?
3
Suppose -5*b = -2*b + 246. What is the units digit of (-4)/10 - b/5?
6
Let d(k) = k**3 + 5*k**2 - 4*k + 4. Let v be d(-4). Let g = v + -57. What is the units digit of (35/g)/(1/(-3))?
5
Let p be (6/(-3) + 6)*1. Suppose -5*m + p = -1. What is the units digit of m?
1
Let o = -1 + 3. Suppose -17 = o*k - 3*k. What is the tens digit of k?
1
Suppose 3*l + 11 = -4. Let a(i) = i**3 + 6*i**2 + 4*i - 4. Let w be a(l). What is the tens digit of (-2 + w)*(-13)/1?
1
Let o(b) = 3*b + 37. What is the tens digit of o(0)?
3
Let u be 3/(2 - 1196/604). Suppose 5*z = y - 4*y + u, 58 = 2*z + 2*y. What is the tens digit of z?
3
Let q be (78/(-8))/((-1)/(-4)). Let u = q + 83. What is the units digit of u?
4
Let h = -37 - -63. Let q = 42 - h. What is the units digit of q?
6
Suppose 20 = v + 4*v. What is the tens digit of v/6 - 1450/(-30)?
4
Let m(l) = -l**2 - l + 3. Let q be m(0). Suppose 2*o = w - 4 - q, 0 = 2*o - 10. Suppose h + 4*g + 6 = 0, 0 = 5*h - 3*g + 1 - w. What is the units digit of h?
2
Let d(r) = -19*r - 1. Let n(c) = c**3 - 3*c**2 + c + 1. Suppose 2*l - k - 2*k - 19 = 0, -l - 3*k = 13. Let g be n(l). What is the units digit of d(g)?
8
Suppose -2*k = 3*r - 4*k - 64, 5*r + 3*k = 94. Let v = -2 + r. What is the tens digit of v?
1
Let i(g) = g - 5. Let p be i(5). Suppose 5*r - 3*r - 58 = p. What is the units digit of r?
9
Let m(v) = -v**2 - 5*v - 1. Let t be m(-2). Let c = 7 - t. What is the units digit of c?
2
What is the units digit of 1 - (3 - 3)*-1?
1
Let m(s) = s**2 + 5*s - 1. Suppose -c + l = 4, 4*l = c + 2*l + 2. Let u be m(c). Suppose 4*o + u*h + 1 = 48, 5*h = -5*o + 60. What is the tens digit of o?
1
Let z = -7 - -20. Suppose -2*x - 20 = -7*x, -2*q - 4 = 2*x. Let a = q + z. What is the units digit of a?
7
Let r = -3 + 4. Let p(d) = 7*d. What is the units digit of p(r)?
7
Let k(v) = 3*v. Let z be k(-2). Let y be (8/(-6))/(2/z). Let n(g) = -g + 5. What is the units digit of n(y)?
1
Let x = 3 - -16. What is the units digit of x?
9
Let k be 674/10 - (-6)/(-15). Suppose -4*z + k = 15. What is the tens digit of z?
1
Let z(r) = 3*r + 1. Let s be z(5). Let f be (2*s + -2)/(-1). What is the tens digit of 2/(-12) + (-335)/f?
1
Suppose 0 = x - 4*x. Suppose -5*a + 26 = 3*v, 4*v + x = 3*a - 4. What is the units digit of v?
2
What is the units digit of (-1)/2*(-478 - -2)?
8
Let t(j) = -3 + j + 5 + 0*j**2 - j**3 + 4*j + 6*j**2. What is the units digit of t(6)?
2
Let b = 56 + -37. What is the tens digit of b?
1
Let y(g) = 2*g**2 + 5*g + 15. What is the hundreds digit of y(6)?
1
Let q = 2 - 1. Let y be q/(-1) - -3 - 3. What is the units digit of y/5 + 22/10?
2
Let k = 85 - 50. What is the units digit of k?
5
Let m(t) = t**2 + t + 100. Let c be m(0). Suppose -4*k = -5*b - c, -4*k + 66 = 3*b - 2. Suppose g + 3*g - k = 0. What is the units digit of g?
5
Let u = -2 - -12. Let o = -13 - -21. Suppose -r - 5*b = -2*r - o, -5*b = -u. What is the units digit of r?
2
Suppose -2*l - 27 - 39 = -g, 3*g + 5*l = 176. What is the units digit of g?
2
Suppose -y + 78 = 2*y. What is the tens digit of y?
2
Let i(y) = -y**3 + 6*y**2 - 5*y - 10. Let a be i(7). Suppose 6*b + 70 = -3*o + b, -3*o + 5*b - 80 = 0. What is the units digit of 10/o - a/10?
9
Suppose 0 = 5*b - v - 9 - 394, -3*b = 4*v - 251. Suppose -b = -4*x + 27. What is the tens digit of x?
2
Let v be (-12)/(-3)*(-3)/(-6). Suppose 0 = s - v*s + 19. What is the units digit of s?
9
Suppose 3*n + 0*g = g - 15, 20 = -4*n + 5*g. Let r = n - -10. What is the units digit of r?
5
Let m(z) = -z**3 - 10*z**2 - 10*z. Let b be m(-9). Let x = b + -4. What is the units digit of x?
5
What is the units digit of (-219)/(-9) + 9/(-27)?
4
Let o = -1 - -4. Let z = 7 - o. Suppose -z*c = -1 - 3. What is the units digit of c?
1
Let j(m) = 4*m - m**2 + 4 + 0*m**2 + m. Let g be j(5). Suppose 0*n - 2 = -x - n, -g*n = -3*x + 27. What is the units digit of x?
5
Suppose 10*h = 639 + 51. What is the tens digit of h?
6
Let s be (20 - -1)/(1/1). Suppose x - 4*x + s = 0. What is the units digit of x?
7
Suppose 0 = 17*p - 28*p + 3322. What is the units digit of p?
2
Let h = 56 - 90. Let r = h - -47. Suppose -7 - r = -4*c. What is the units digit of c?
5
Let x be 10/3*9/6. Let a = -5 - -4. Let b = x + a. What is the units digit of b?
4
Let a(s) = 42*s**2. What is the tens digit of a(1)?
4
Let m(s) be the first derivative of -s**3/3 + 2*s**2 - 2*s - 3. Suppose -3*i = -1 - 8. What is the units digit of m(i)?
1
Let s(l) be the third derivative of -l**4/4 - 13*l**3/6 - 5*l**2. What is the units digit of s(-8)?
5
Let b(x) = -5*x**3 - 9*x**2 + 6*x + 5. Let d(s) = 11*s**3 + 19*s**2 - 12*s - 9. Let k(v) = 9*b(v) + 4*d(v). What is the units digit of k(-6)?
9
Let l(z) = -3*z**2 - z + 2. Let o be l(-2). Let s be o*(-2)/4 - 0. Suppose -2*k + 28 = -w, s*k - 3*k = -3*w. What is the units digit of k?
2
What is the tens digit of (-2 + 3)*-7*-10?
7
Let z = -58 - -104. What is the tens digit of z?
4
Suppose -7 = -2*z + 3. Let m = 10 - z. Suppose 0 = -m*j - 10, g + 8 = 5*g + 4*j. What is the units digit of g?
4
Let v = 10 + -5. What is the units digit of v?
5
Suppose 4*n - 2 = -3*j - 1, -10 = -2*j + 2*n. Suppose j*x - 2*o = -4, -2*x - 4*o = -2*o - 14. What is the units digit of 2*(1 + 1/x)?
3
Let g(j) = j**3 - 6*j**2 + 3*j + 1. Let p be -5*((-36)/10)/3. What is the tens digit of g(p)?
1
Suppose -h = -4*k - 5, -k - 18 = -3*h - 3. Suppose -3*t = t + 3*d - 206, k = -2*t + 3*d + 94. What is the units digit of t?
0
What is the tens digit of (-62 - 1)/(18/(-12))?
4
Let t = -4 + -1. Let z = t + 10. What is the units digit of z?
5
Let t(p) = p**3 + 3*p**2 - 5*p - 4. Let q be (-1)/3*138/(-2). Suppose 3*n - 2 = 4*o + 5, 5*n = -2*o - q. What is the tens digit of t(n)?
1
Let w(s) = -12 - 15 - 9 - s**2 + 33 - 5*s. Let t = 8 + -11. What is the units digit of w(t)?
3
Let s(u) = u**2 + 4. Let d be s(0). Suppose 2*b - 16 = d*i + 6, 10 = 5*i. What is the tens digit of b?
1
Suppose 3*g - 378 = -3*x, 0*x = 3*x + g - 382. What is the units digit of x?
8
Suppose v - 5*j - 202 = 0, -v + 4*v - 686 = -5*j. What is the hundreds digit of v?
2
Let d be -2*(-2)/(-4) - 9. Let v = -14 + -2. Let c = d - v. What is the units digit of c?
6
Let v = -215 - -313. What is the units digit of v?
8
Suppose -5*x - 2*u + 95 = -89, -4*u = 3*x - 102. What is the tens digit of x?
3
Let n = 22 + -12. Let l = 18 - n. What is the units digit of l?
8
Suppose 4*u = 3*g - 136, -204 = -5*g - 3*u + 4*u. Let o = g + -20. Suppose 3*t - 56 = -o. What is the units digit of t?
2
Suppose -10*o = -6*o - 500. What is the units digit of o?
5
Let t = 12 - 17. What is the units digit of (4/t)/(4/(-40))?
8
Let q(r) = -2*r + 5. Let j be q(4). Let z = -6 - j. Let y(n) = n**3 + 3*n**2 - 3*n - 3. What is the units digit of y(z)?
6
Suppose 5*m = -4*h + 60, -2*m + 0*m = -3*h + 68. What is the tens digit of h?
2
Let y(z) = 13*z - 1. Let x be y(1). Let c = x - 21. Let p(j) = -j**2 - 9*j + 10. What is the tens digit of p(c)?
1
What is the units digit of -3*(-1)/27 - 1502/(-9)?
7
Suppose y + 4*g - 28 = -2*y, 16 = -y + 5*g. Suppose 2*r = -3*r + y*o + 158, -4*o + 112 = 4*r. Suppose 3*z - z = r. What is the units digit of z?
5
Let r(f) = f**2 + 19. Let w be r(0). Let j = 20 + -33. Let v = w + j. What is the units digit of v?
6
Let w(f) = -f**3 - 4*f**2 - 5*f - 2. Let l be w(-3). Suppose 30 = 6*h - l*h. What is the units digit of h?
5
Let f = -26 - -67. What is the tens digit of (0/2 - -1)*f?
4
Let v = 0 + 0. Let j = v - -3. What is the units digit of j?
3
Let t(u) = -u**3 + 4*u**2 + 6*u - 1. Let k be t(5). Let v be k/(-14) + (-4)/(-14). Suppose -2*c + 7 + 15 = v. What is the tens digit of c?
1
Suppose -2*q + 177 = q - 3*k, -5*k + 47 = q. What is the units digit of q?
